Does 3508 divide 459127840?
False
Is 6 a factor of 18373002?
True
Is 8875 a factor of 2445692625?
True
Is 19 a factor of 1212233235?
False
Is 23 a factor of 88541927?
True
Is 233280169 a multiple of 777?
False
Is 129663180 a multiple of 437?
False
Is 547 a factor of 23445514?
True
Does 2115 divide 98298855?
True
Is 11 a factor of 148032467?
True
Does 2 divide 1576327?
False
Does 217 divide 108597343?
False
Is 61526120 a multiple of 40?
True
Does 1455 divide 71171325?
True
Is 5030 a factor of 700568340?
True
Is 62 a factor of 53809491?
False
Does 2040 divide 776368920?
True
Does 2333 divide 3095891?
True
Is 18 a factor of 4234392?
True
Is 138658572 a multiple of 6?
True
Is 486836 a multiple of 22?
False
Does 17 divide 840768376?
False
Is 117106628 a multiple of 1024?
False
Is 62 a factor of 3597302?
True
Is 1216254251 a multiple of 8?
False
Is 6440508 a multiple of 18?
True
Does 654 divide 542970775?
False
Is 4737881441 a multiple of 82?
False
Is 101 a factor of 22445021?
False
Is 462 a factor of 1710754890?
False
Does 8087 divide 49832094?
True
Does 92 divide 339299772?
True
Is 22885538 a multiple of 42?
False
Is 46920699 a multiple of 3?
True
Is 1214 a factor of 103342964?
True
Is 17 a factor of 87197862?
True
Is 68075328 a multiple of 228?
True
Is 3360230 a multiple of 27?
False
Is 1085 a factor of 27304705?
False
Does 293 divide 94171779?
False
Is 6 a factor of 307032456?
True
Is 96361174 a multiple of 166?
True
Does 966 divide 84651005?
False
Does 1905 divide 36797014?
False
Is 4 a factor of 9518388?
True
Is 154395938 a multiple of 17?
True
Is 2 a factor of 37141211?
False
Is 116 a factor of 3588344?
True
Is 14 a factor of 2659174336?
True
Does 14 divide 57535844?
False
Does 17 divide 59440109?
True
Does 379 divide 58024067?
False
Does 806 divide 932588748?
True
Does 21 divide 410953093?
False
Is 5952264 a multiple of 37?
True
Is 756062527 a multiple of 179?
True
Does 46 divide 1474212710?
False
Is 16 a factor of 413000416?
True
Is 228622 a multiple of 15?
False
Is 548 a factor of 739836168?
True
Is 5959605 a multiple of 12?
False
Is 700 a factor of 292027302?
False
Is 665748356 a multiple of 1084?
True
Is 75 a factor of 67377056?
False
Does 50 divide 48213300?
True
Is 31340628 a multiple of 11?
True
Does 19 divide 73790699?
True
Is 7088233 a multiple of 24?
False
Is 101185504 a multiple of 2293?
True
Is 1838389454 a multiple of 22?
True
Is 34 a factor of 167159491?
False
Is 60 a factor of 53222880?
True
Is 1693425600 a multiple of 6624?
True
Does 21 divide 1146537?
True
Is 38579105 a multiple of 69?
False
Does 28 divide 170621252?
False
Is 76 a factor of 9110341?
False
Does 720 divide 3181164207?
False
Does 16 divide 7341303?
False
Does 55 divide 141578140?
True
Does 90 divide 445932990?
True
Does 8 divide 1600539?
False
Is 1691 a factor of 77451182?
True
Is 19327342 a multiple of 10?
False
Is 8 a factor of 6539523?
False
Is 9 a factor of 494734407?
False
Does 1937 divide 25957120?
False
Is 1104722202 a multiple of 86?
True
Is 997 a factor of 577010?
False
Does 83 divide 9355179?
True
Is 988990007 a multiple of 86?
False
Is 30083533 a multiple of 4?
False
Is 54932282 a multiple of 16?
False
Is 14 a factor of 920659866?
True
Is 920 a factor of 38159086?
False
Is 30 a factor of 4450034160?
True
Does 1360 divide 19489963?
False
Is 1598769507 a multiple of 87?
True
Does 122 divide 34409368?
True
Is 746270528 a multiple of 67?
False
Is 490917285 a multiple of 3?
True
Does 31 divide 979184?
False
Does 107 divide 69182348?
True
Is 60 a factor of 53341620?
True
Does 2335 divide 69835180?
True
Is 14882594 a multiple of 311?
True
Is 135 a factor of 76544885?
False
Is 5197087 a multiple of 367?
True
Is 233061906 a multiple of 14?
True
Is 28 a factor of 4565961352?
False
Does 657 divide 2330594496?
True
Does 319 divide 67069112?
True
Does 51 divide 22281186?
True
Is 391014191 a multiple of 15?
False
Is 277202282 a multiple of 2086?
True
Is 3981 a factor of 1990734971?
False
Is 3 a factor of 28440681?
True
Is 61822390 a multiple of 665?
True
Does 172 divide 2466824?
True
Does 18 divide 15952028?
False
Is 1509291662 a multiple of 3934?
False
Is 66905264 a multiple of 332?
False
Does 1066 divide 3386682?
True
Is 302477918 a multiple of 45?
False
Is 7813 a factor of 1236141608?
True
Is 25446168 a multiple of 456?
True
Does 400 divide 2292604000?
True
Is 895043728 a multiple of 8?
True
Does 19 divide 94420158?
True
Does 13 divide 32825987?
False
Does 83 divide 2595995977?
False
Is 67049838 a multiple of 107?
True
Does 34 divide 8948562?
True
Is 214247284 a multiple of 190?
False
Is 920 a factor of 18267779?
False
Does 3757 divide 74661284?
False
Is 19681460 a multiple of 1418?
False
Is 6745630 a multiple of 152?
False
Does 26 divide 9934626?
True
Is 652 a factor of 609775759?
False
Is 2789 a factor of 70162873?
True
Is 75217200 a multiple of 80?
True
Is 5 a factor of 92197390?
True
Is 54413704 a multiple of 20?
False
Does 181 divide 700111258?
True
Is 65541126 a multiple of 42?
True
Is 47 a factor of 325448257?
True
Is 6513216 a multiple of 16?
True
Does 5 divide 4702670?
True
Is 176 a factor of 285522864?
True
Is 307 a factor of 22176145?
True
Does 170 divide 94276276?
False
Does 10 divide 1164247985?
False
Does 87 divide 250297115?
False
Is 695 a factor of 5122845?
True
Is 412577156 a multiple of 51?
False
Is 8 a factor of 16231157?
False
Is 49 a factor of 35979790?
False
Is 100 a factor of 909470113?
False
Does 21 divide 28257175?
False
Is 1476194160 a multiple of 120?
True
Is 5919487193 a multiple of 1613?
False
Is 792608625 a multiple of 10510?
False
Does 89 divide 34469638?
False
Does 774 divide 12312792?
True
Is 1152498444 a multiple of 19?
False
Does 172 divide 3376409620?
False
Is 2261121797 a multiple of 2960?
False
Is 583525298 a multiple of 1073?
True
Is 12776592 a multiple of 1136?
True
Is 67690689 a multiple of 7?
False
Does 43 divide 55373250?
True
Is 55 a factor of 8563277?
False
Is 52 a factor of 19415188?
True
Does 275 divide 121307763?
False
Is 14 a factor of 4607920594?
False
Does 14 divide 673926848?
True
Is 167861826 a multiple of 6?
True
Is 9596432 a multiple of 16?
True
Does 280 divide 35504280?
True
Does 584 divide 241103816?
True
Does 33 divide 24268997?
False
Is 566885213 a multiple of 266?
False
Is 242 a factor of 118021222?
True
Does 89 divide 118756466?
False
Does 16 divide 2417632?
True
Is 31 a factor of 140677764?
False
Is 10 a factor of 5443360?
True
Is 39 a factor of 141732409?
False
Is 108 a factor of 2890522335?
False
Is 1987859 a multiple of 31?
False
Is 163 a factor of 21523172?
True
Is 21 a factor of 1007751591?
True
Is 772 a factor of 25956770?
False
Does 663 divide 18974037?
False
Is 31 a factor of 492106260?
False
Does 962 divide 303848199?
False
Is 50 a factor of 1325708550?
True
Does 3 divide 358491?
True
Does 2031 divide 154435209?
True
Does 3731 divide 945821424?
False
Does 17 divide 1692979?
True
Is 53476832 a multiple of 123?
False
Does 3 divide 825647?
False
Is 71983436 a multiple of 554?
True
Is 169 a factor of 124311340?
False
Does 1717 divide 149333362?
False
Is 12310685 a multiple of 3?
False
Does 59 divide 56287790?
False
Is 22 a factor of 60886314?
False
Does 915 divide 593817615?
True
Is 163 a factor of 20524960?
True
Is 66192 a multiple of 7?
True
Is 375159428 a multiple of 203?
True
Is 1039 a factor of 1975299006?
True
Does 188 divide 138037308?
True
Does 779 divide 64251141?
True
Is 399246630 a multiple of 2?
True
Does 9 divide 212104526?
False
Is 5 a factor of 60618020?
True
Does 15 divide 49282726?
False
Does 301 divide 1340902638?
False
Does 59 divide 78365629?
True
Is 191180010 a multiple of 1158?
True
Is 3224268 a multiple of 9?
True
Is 14 a factor of 5482484?
True
Is 34180972 a multiple of 75?
False
Does 514 divide 97383398?
False
Is 29 a factor of 557664044?
False
Does 12 divide 23301323?
False
Is 4563200 a multiple of 200?
True
Is 17398686 a multiple of 6?
True
Is 39834102 a multiple of 920?
False
Does 58 divide 157067028?
False
Is 4756310 a multiple of 130?
True
Is 9 a factor of 663446889?
True
Is 12430000 a multiple of 110?
True
Does 3 divide 280266649?
False
Is 69 a factor of 34620626?
False
Does 1273 divide 546272133?
False
Is 64641725 a multiple of 163?
True
Is 27 a factor of 912